factor of 21 and 5334?
21
What is the greatest common factor of 1113 and 273?
21
Calculate the highest common divisor of 36 and 1428.
12
What is the highest common factor of 25 and 25?
25
Calculate the highest common divisor of 391 and 3358.
23
Calculate the greatest common factor of 18270 and 120.
30
Calculate the highest common divisor of 150 and 50.
50
What is the highest common divisor of 34 and 25891?
17
Calculate the highest common divisor of 105 and 147.
21
Calculate the highest common divisor of 40 and 4216.
8
Calculate the highest common factor of 7 and 3101.
7
What is the greatest common factor of 25 and 1025?
25
What is the highest common factor of 486 and 12?
6
Calculate the highest common divisor of 14 and 973.
7
What is the greatest common factor of 20 and 470?
10
Calculate the highest common divisor of 15 and 555.
15
What is the greatest common divisor of 4901 and 203?
29
Calculate the highest common factor of 180 and 435.
15
What is the highest common divisor of 120 and 36?
12
What is the highest common factor of 15 and 3?
3
Calculate the highest common factor of 15 and 69.
3
What is the greatest common factor of 2109 and 1110?
111
Calculate the greatest common divisor of 1116 and 2511.
279
What is the greatest common divisor of 99 and 6666?
33
What is the highest common divisor of 130 and 8788?
26
What is the highest common divisor of 8 and 1416?
8
What is the highest common divisor of 2 and 866?
2
What is the highest common factor of 306 and 27?
9
Calculate the greatest common factor of 1220 and 20.
20
What is the highest common divisor of 63 and 60039?
63
What is the highest common factor of 2 and 31?
1
Calculate the highest common factor of 11 and 11.
11
Calculate the greatest common divisor of 708 and 24.
12
What is the greatest common divisor of 4820 and 90?
10
What is the greatest common divisor of 75 and 14775?
75
What is the highest common factor of 918 and 54?
54
What is the greatest common factor of 2006 and 102?
34
Calculate the greatest common factor of 8 and 216.
8
What is the greatest common factor of 697 and 17?
17
Calculate the greatest common divisor of 62736 and 48.
48
What is the highest common factor of 23 and 46?
23
What is the greatest common factor of 532 and 380?
76
What is the greatest common divisor of 329 and 47?
47
Calculate the greatest common factor of 112 and 126.
14
What is the greatest common divisor of 52 and 6227?
13
What is the greatest common factor of 2376 and 162?
54
Calculate the greatest common factor of 273 and 63.
21
What is the greatest common divisor of 36 and 1524?
12
What is the highest common factor of 32417 and 154?
77
Calculate the greatest common factor of 60 and 1344.
12
Calculate the highest common factor of 73 and 6497.
73
What is the greatest common factor of 1859 and 11?
11
Calculate the greatest common factor of 21 and 1099.
7
Calculate the greatest common divisor of 50 and 18050.
50
Calculate the greatest common factor of 110 and 5.
5
What is the greatest common factor of 20433 and 21?
21
Calculate the highest common factor of 124 and 341.
31
Calculate the highest common factor of 510 and 90.
30
What is the highest common factor of 142 and 21797?
71
What is the highest common divisor of 15 and 25?
5
What is the highest common factor of 114 and 1254?
114
Calculate the greatest common factor of 8480 and 160.
160
Calculate the highest common divisor of 128 and 20288.
64
What is the highest common factor of 32853 and 141?
141
What is the highest common factor of 22 and 6358?
22
What is the greatest common divisor of 30976 and 128?
128
What is the greatest common divisor of 9 and 11079?
9
What is the greatest common factor of 2414 and 3266?
142
What is the highest common divisor of 153 and 5814?
153
Calculate the greatest common divisor of 34 and 1955.
17
What is the highest common divisor of 174 and 1827?
87
What is the highest common factor of 208 and 64?
16
What is the highest common divisor of 175 and 98?
7
Calculate the greatest common divisor of 2 and 18.
2
Calculate the greatest common factor of 46 and 2.
2
What is the highest common divisor of 28 and 98?
14
What is the highest common divisor of 130 and 3523?
13
Calculate the highest common divisor of 1054 and 1550.
62
What is the greatest common divisor of 270 and 378?
54
What is the greatest common divisor of 4075 and 25?
25
What is the highest common divisor of 56 and 7184?
8
Calculate the highest common divisor of 1911 and 1029.
147
What is the greatest common divisor of 42 and 5712?
42
Calculate the highest common factor of 12340 and 20.
20
What is the greatest common factor of 67 and 1273?
67
What is the greatest common factor of 4404 and 12?
12
What is the greatest common divisor of 14 and 364?
14
Calculate the greatest common divisor of 11 and 6347.
11
What is the greatest common divisor of 2 and 128?
2
What is the highest common factor of 4 and 11?
1
Calculate the highest common divisor of 92 and 207.
23
What is the greatest common factor of 19 and 97147?
19
What is the greatest common divisor of 768 and 2448?
48
What is the highest common divisor of 1280 and 40?
40
Calculate the highest common factor of 8805 and 45.
15
Calculate the greatest common factor of 4559 and 291.
97
What is the highest common divisor of 780 and 30?
30
What is the greatest common divisor of 550 and 242?
22
What is the greatest common factor of 714 and 105?
21
What is the greatest common factor of 25900 and 148?
148
Calculate the highest common divisor of 232 and 1450.
58
What is the highest common factor of 55 and 110?
55
Calculate the greatest common factor of 286 and 26.
26
Calculate the greatest common divisor of 2587 and 26.
13
What is the highest common factor of 41008 and 22?
22
What is the greatest common divisor of 64 and 212?
4
What is the highest common divisor of 4023 and 54?
27
Calculate the greatest common factor of 325 and 25.
25
What is the greatest common factor of 4212 and 52?
52
Calculate the greatest common factor of 2 and 32.
2
Calculate the greatest common divisor of 1633 and 253.
23
What is the highest common divisor of 115 and 1955?
115
Calculate the greatest common factor of 4338 and 9.
9
What is the highest common divisor of 29829 and 183?
183
Calculate the greatest common divisor of 297 and 11.
11
Calculate the greatest common factor of 2095 and 5.
5
Calculate the greatest common divisor of 600 and 45.
15
What is the greatest common factor of 7584 and 237?
237
What is the greatest common factor of 35 and 930?
5
Calculate the greatest common divisor of 69 and 7521.
69
Calculate the highest common factor of 3315 and 78.
39
What is the highest common divisor of 248 and 31?
31
Calculate the greatest common factor of 6 and 31026.
6
What is the highest common factor of 18 and 52686?
18
Calculate the greatest common factor of 74 and 481.
37
Calculate the greatest common divisor of 42 and 497.
7
Calculate the greatest common divisor of 4730 and 2530.
110
What is the greatest common factor of 96 and 6?
6
What is the greatest common divisor of 152 and 72?
8
What is the greatest common factor of 14 and 458?
2
Calculate the greatest common divisor of 979 and 11.
11
What is the greatest common divisor of 518 and 14?
14
Calculate the highest common factor of 338 and 26.
26
Calculate the highest common divisor of 6777 and 54.
27
What is the greatest common factor of 7 and 112?
7
Calculate the highest common divisor of 8142 and 177.
177
Calculate the highest common divisor of 640 and 10.
10
Calculate the greatest common divisor of 42 and 12.
6
What is the highest common factor of 15846 and 38?
38
What is the highest common factor of 1225 and 147?
49
Calculate the highest common divisor of 6292 and 208.
52
Calculate the greatest common factor of 290 and 4785.
145
What is the highest common divisor of 16 and 384?
16
Calculate the greatest common divisor of 12 and 68.
4
Calculate the greatest common divisor of 98 and 70.
14
Calculate the highest common divisor of 1 and 107.
1
Calculate the greatest common divisor of 78 and 52.
26
Calculate the greatest common factor of 138 and 6.
6
What is the highest common factor of 726 and 594?
66
What is the greatest common factor of 51 and 2363?
17
Calculate the highest common diviso